.
0
What is the remainder when 939 is divided by 232?
11
What is the remainder when 13896 is divided by 15?
6
Calculate the remainder when 155 is divided by 13.
12
Calculate the remainder when 1573 is divided by 8.
5
Calculate the remainder when 2104 is divided by 49.
46
What is the remainder when 778 is divided by 26?
24
Calculate the remainder when 1026 is divided by 49.
46
What is the remainder when 1530 is divided by 53?
46
Calculate the remainder when 354 is divided by 48.
18
What is the remainder when 414 is divided by 148?
118
Calculate the remainder when 1298 is divided by 65.
63
Calculate the remainder when 74 is divided by 61.
13
Calculate the remainder when 353 is divided by 171.
11
What is the remainder when 501 is divided by 6?
3
What is the remainder when 72 is divided by 45?
27
Calculate the remainder when 548 is divided by 46.
42
Calculate the remainder when 476 is divided by 53.
52
Calculate the remainder when 3425 is divided by 12.
5
What is the remainder when 3077 is divided by 23?
18
What is the remainder when 128 is divided by 6?
2
What is the remainder when 1028 is divided by 21?
20
Calculate the remainder when 1214 is divided by 16.
14
Calculate the remainder when 252 is divided by 51.
48
What is the remainder when 423 is divided by 8?
7
Calculate the remainder when 572 is divided by 7.
5
Calculate the remainder when 329 is divided by 10.
9
Calculate the remainder when 1367 is divided by 273.
2
What is the remainder when 1837 is divided by 460?
457
What is the remainder when 1056 is divided by 1047?
9
What is the remainder when 44693 is divided by 13?
12
Calculate the remainder when 2224 is divided by 139.
0
What is the remainder when 588 is divided by 27?
21
What is the remainder when 197 is divided by 84?
29
Calculate the remainder when 298 is divided by 274.
24
What is the remainder when 2481 is divided by 146?
145
What is the remainder when 311 is divided by 24?
23
What is the remainder when 179 is divided by 24?
11
What is the remainder when 260 is divided by 6?
2
Calculate the remainder when 72 is divided by 11.
6
Calculate the remainder when 10206 is divided by 486.
0
Calculate the remainder when 1155 is divided by 583.
572
Calculate the remainder when 2943 is divided by 64.
63
What is the remainder when 4641 is divided by 193?
9
What is the remainder when 544 is divided by 92?
84
What is the remainder when 112 is divided by 42?
28
Calculate the remainder when 637 is divided by 107.
102
What is the remainder when 698 is divided by 14?
12
What is the remainder when 92 is divided by 16?
12
Calculate the remainder when 1849 is divided by 272.
217
Calculate the remainder when 230 is divided by 29.
27
What is the remainder when 2133 is divided by 2127?
6
Calculate the remainder when 267 is divided by 30.
27
What is the remainder when 17799 is divided by 40?
39
Calculate the remainder when 317 is divided by 69.
41
What is the remainder when 4211 is divided by 36?
35
What is the remainder when 947 is divided by 120?
107
What is the remainder when 206 is divided by 63?
17
What is the remainder when 878 is divided by 177?
170
Calculate the remainder when 460 is divided by 240.
220
What is the remainder when 69 is divided by 33?
3
What is the remainder when 43040 is divided by 34?
30
Calculate the remainder when 10813 is divided by 15.
13
What is the remainder when 20518 is divided by 216?
214
Calculate the remainder when 5661 is divided by 19.
18
Calculate the remainder when 454 is divided by 27.
22
What is the remainder when 2275 is divided by 78?
13
What is the remainder when 1911 is divided by 22?
19
Calculate the remainder when 310 is divided by 26.
24
What is the remainder when 153 is divided by 11?
10
What is the remainder when 16 is divided by 3?
1
What is the remainder when 663 is divided by 8?
7
What is the remainder when 565 is divided by 21?
19
What is the remainder when 103 is divided by 57?
46
What is the remainder when 10 is divided by 5?
0
What is the remainder when 1427 is divided by 151?
68
What is the remainder when 2769 is divided by 7?
4
What is the remainder when 580 is divided by 157?
109
Calculate the remainder when 149 is divided by 13.
6
What is the remainder when 352 is divided by 119?
114
Calculate the remainder when 1721 is divided by 1710.
11
What is the remainder when 1013 is divided by 102?
95
Calculate the remainder when 358 is divided by 12.
10
Calculate the remainder when 2651 is divided by 52.
51
What is the remainder when 620 is divided by 13?
9
Calculate the remainder when 6931 is divided by 2307.
10
Calculate the remainder when 112 is divided by 23.
20
Calculate the remainder when 29 is divided by 10.
9
Calculate the remainder when 605 is divided by 32.
29
Calculate the remainder when 215 is divided by 61.
32
What is the remainder when 348 is divided by 7?
5
Calculate the remainder when 839 is divided by 75.
14
What is the remainder when 275 is divided by 252?
23
Calculate the remainder when 69 is divided by 29.
11
What is the remainder when 12539 is divided by 209?
208
What is the remainder when 104 is divided by 15?
14
What is the remainder when 535 is divided by 19?
3
What is the remainder when 1491 is divided by 370?
11
Calculate the remainder when 727 is divided by 10.
7
What is the remainder when 517 is divided by 23?
11
What is the remainder when 944 is divided by 188?
4
Calculate the remainder when 1019 is divided by 51.
50
Calculate the remainder when 2073 is divided by 2061.
12
What is the remainder when 142 is divided by 33?
10
Calculate the remainder when 88 is divided by 4.
0
Calculate the remainder when 137 is divided by 5.
2
What is the remainder when 2276 is divided by 23?
22
What is the remainder when 3420 is divided by 1136?
12
What is the remainder when 2839 is divided by 1418?
3
Calculate the remainder when 55 is divided by 21.
13
Calculate the remainder when 46 is divided by 27.
19
What is the remainder when 55 is divided by 7?
6
Calculate the remainder when 72 is divided by 27.
18
What is the remainder when 43 is divided by 4?
3
Calculate the remainder when 28 is divided by 19.
9
Calculate the remainder when 1436 is divided by 18.
14
What is the remainder when 298 is divided by 55?
23
What is the remainder when 7348 is divided by 21?
19
What is the remainder when 3218 is divided by 41?
20
Calculate the remainder when 163 is divided by 56.
51
Calculate the remainder when 51 is divided by 16.
3
What is the remainder when 1654 is divided by 180?
34
What is the remainder when 144 is divided by 32?
16
Calculate the remainder when 271 is divided by 16.
15
What is the remainder when 290 is divided by 189?
101
What is the remainder when 881 is divided by 52?
49
Calculate the remainder when 34316 is divided by 27.
26
What is the remainder when 1101 is divided by 278?
267
What is the remainder when 609 is divided by 302?
5
Calculate the remainder when 2874 is divided by 36.
30
What is the remainder when 556 is divided by 183?
7
Calculate the remainder when 4477 is divided by 14.
11
What is the remainder when 177 is divided by 51?
24
Calculate the remainder when 1216 is divided by 58.
56
Calculate the remainder when 130 is divided by 68.
62
What is the remainder when 6620 is divided by 32?
28
Calculate the remainder when 1017 is divided by 60.
57
Calculate the remainder when 96 is divided by 22.
8
Calculate the remainder when 450 is divided by 439.
11
What is the remainder when 862 is divided by 71?
10
What is the remainder when 1746 is divided by 300?
246
What is the remainder when 23 is divided by 11?
1
Calculate the remainder when 19 is divided by 5.
4
Calculate the remainder when 1873 is divided by 15.
13
What is the remainder when 233 is divided by 53?
21
What is the remainder when 437 is divided by 121?
74
What is the remainder when 59 is divided by 5?
4
What is the remainder when 61614 is divided by 23?
20
What is the remainder when 6760 is divided by 205?
200
What is the remainder when 404 is divided by 26?
14
Calculate the remainder when 324 is divided by 3.
0
What is the remainder when 9121 is divided by 125?
121
Calculate the remainder when 390 is divided by 9.
3
What is the remainder when 52 is divided by 21?
10
What is the remainder when 538 is divided by 9